{"id":247,"date":"2013-12-14T15:36:48","date_gmt":"2013-12-14T14:36:48","guid":{"rendered":"http:\/\/celiabayona.es\/web\/?page_id=247"},"modified":"2013-12-14T15:36:48","modified_gmt":"2013-12-14T14:36:48","slug":"un-cuadro-para-un-recuerdo","status":"publish","type":"page","link":"https:\/\/celiabayona.es\/web\/dialogos-con-mi-paleta\/un-cuadro-para-un-recuerdo\/","title":{"rendered":"Un cuadro para un recuerdo"},"content":{"rendered":"<blockquote style=\"font-size:14px\">\n<p style=\"text-align: center;\">A lo largo de este tiempo<br \/>\nde jugar con mis pinceles,<br \/>\nen alguno de mis cuadros<br \/>\nhe puesto un poco m\u00e1s de cari\u00f1o,<br \/>\ncuidados, intenciones.<\/p>\n<p style=\"text-align: center;\">Recuerdo los que dediqu\u00e9 a mis padres,<br \/>\nhijas, marido y nieto<br \/>\ny a muchos de mis amigos.<br \/>\nComenc\u00e9 a pintarlos<br \/>\nsabiendo bien su destino<br \/>\nt\u00edtulo, tema, color\u2026<br \/>\npuse toda mi energ\u00eda, fuerza e ilusi\u00f3n.<\/p>\n<p style=\"text-align: center;\">He querido que este sentimiento<br \/>\nquede plasmado en papel,<br \/>\ny si alguno lee este verso<br \/>\nse vea reflejado en \u00e9l.<\/p>\n<p style=\"text-align: center;\">Que cada vez que contemple mi cuadro<br \/>\npiense que el resultado final<br \/>\nno fue obra del azar,<br \/>\ndel pigmento con el agua,<br \/>\nsino\u00a0 de un amor cuidado<br \/>\nDedicado s\u00f3lo a ti<\/p>\n<\/blockquote>\n","protected":false},"excerpt":{"rendered":"<p>A lo largo de este tiempo de jugar con mis pinceles, en alguno de mis cuadros he puesto un poco m\u00e1s de cari\u00f1o, cuidados, intenciones. Recuerdo los que dediqu\u00e9 a mis padres, hijas, marido y nieto y a muchos de mis amigos. Comenc\u00e9 a pintarlos sabiendo bien su destino t\u00edtulo, tema, color\u2026 puse toda mi [&hellip;]<\/p>\n","protected":false},"author":1,"featured_media":248,"parent":200,"menu_order":0,"comment_status":"closed","ping_status":"closed","template":"","meta":[],"tags":[275],"_links":{"self":[{"href":"https:\/\/celiabayona.es\/web\/wp-json\/wp\/v2\/pages\/247"}],"collection":[{"href":"https:\/\/celiabayona.es\/web\/wp-json\/wp\/v2\/pages"}],"about":[{"href":"https:\/\/celiabayona.es\/web\/wp-json\/wp\/v2\/types\/page"}],"author":[{"embeddable":true,"href":"https:\/\/celiabayona.es\/web\/wp-json\/wp\/v2\/users\/1"}],"replies":[{"embeddable":true,"href":"https:\/\/celiabayona.es\/web\/wp-json\/wp\/v2\/comments?post=247"}],"version-history":[{"count":1,"href":"https:\/\/celiabayona.es\/web\/wp-json\/wp\/v2\/pages\/247\/revisions"}],"predecessor-version":[{"id":249,"href":"https:\/\/celiabayona.es\/web\/wp-json\/wp\/v2\/pages\/247\/revisions\/249"}],"up":[{"embeddable":true,"href":"https:\/\/celiabayona.es\/web\/wp-json\/wp\/v2\/pages\/200"}],"wp:featuredmedia":[{"embeddable":true,"href":"https:\/\/celiabayona.es\/web\/wp-json\/wp\/v2\/media\/248"}],"wp:attachment":[{"href":"https:\/\/celiabayona.es\/web\/wp-json\/wp\/v2\/media?parent=247"}],"wp:term":[{"taxonomy":"post_tag","embeddable":true,"href":"https:\/\/celiabayona.es\/web\/wp-json\/wp\/v2\/tags?post=247"}],"curies":[{"name":"wp","href":"https:\/\/api.w.org\/{rel}","templated":true}]}}