{"id":250,"date":"2013-12-14T15:41:02","date_gmt":"2013-12-14T14:41:02","guid":{"rendered":"http:\/\/celiabayona.es\/web\/?page_id=250"},"modified":"2013-12-14T15:42:14","modified_gmt":"2013-12-14T14:42:14","slug":"blanco-y-negro","status":"publish","type":"page","link":"https:\/\/celiabayona.es\/web\/dialogos-con-mi-paleta\/blanco-y-negro\/","title":{"rendered":"Blanco y negro"},"content":{"rendered":"<blockquote style=\"font-size: 14px;\">\n<p style=\"text-align: center;\">Dos opciones,<br \/>\ndos extremos necesarios<br \/>\nclaros en la posici\u00f3n .<\/p>\n<p style=\"text-align: center;\">El blanco:<br \/>\nrespeta espacios,<br \/>\nel suyo y el de los dem\u00e1s<br \/>\nlos acompa\u00f1a en silencio<br \/>\ndej\u00e1ndolos brillar;<br \/>\nes mediador, unifica,<br \/>\npermite la libertad.<\/p>\n<p style=\"text-align: center;\">El negro:<br \/>\nmarca terreno,<br \/>\nda fuerza y busca determinar,<br \/>\nno le gustan medias tintas,<br \/>\npone principio y final.<\/p>\n<p style=\"text-align: center;\">Cuando me pongo a pintar<br \/>\nse que son muy necesarios,<br \/>\nque hay que usarlos con cuidado<br \/>\ny saberlos mimar.<\/p>\n<p style=\"text-align: center;\">Al igual que en nuestras vidas<br \/>\nno son buenas las medias tintas,<br \/>\ntenemos que ser muy claros<br \/>\nen el modo de actuar,<br \/>\npero siempre con cuidado,<br \/>\nrespeto y libertad.<\/p>\n<\/blockquote>\n","protected":false},"excerpt":{"rendered":"<p>Dos opciones, dos extremos necesarios claros en la posici\u00f3n . El blanco: respeta espacios, el suyo y el de los dem\u00e1s los acompa\u00f1a en silencio dej\u00e1ndolos brillar; es mediador, unifica, permite la libertad. El negro: marca terreno, da fuerza y busca determinar, no le gustan medias tintas, pone principio y final. Cuando me pongo a [&hellip;]<\/p>\n","protected":false},"author":1,"featured_media":251,"parent":200,"menu_order":0,"comment_status":"closed","ping_status":"closed","template":"","meta":[],"tags":[275],"_links":{"self":[{"href":"https:\/\/celiabayona.es\/web\/wp-json\/wp\/v2\/pages\/250"}],"collection":[{"href":"https:\/\/celiabayona.es\/web\/wp-json\/wp\/v2\/pages"}],"about":[{"href":"https:\/\/celiabayona.es\/web\/wp-json\/wp\/v2\/types\/page"}],"author":[{"embeddable":true,"href":"https:\/\/celiabayona.es\/web\/wp-json\/wp\/v2\/users\/1"}],"replies":[{"embeddable":true,"href":"https:\/\/celiabayona.es\/web\/wp-json\/wp\/v2\/comments?post=250"}],"version-history":[{"count":2,"href":"https:\/\/celiabayona.es\/web\/wp-json\/wp\/v2\/pages\/250\/revisions"}],"predecessor-version":[{"id":253,"href":"https:\/\/celiabayona.es\/web\/wp-json\/wp\/v2\/pages\/250\/revisions\/253"}],"up":[{"embeddable":true,"href":"https:\/\/celiabayona.es\/web\/wp-json\/wp\/v2\/pages\/200"}],"wp:featuredmedia":[{"embeddable":true,"href":"https:\/\/celiabayona.es\/web\/wp-json\/wp\/v2\/media\/251"}],"wp:attachment":[{"href":"https:\/\/celiabayona.es\/web\/wp-json\/wp\/v2\/media?parent=250"}],"wp:term":[{"taxonomy":"post_tag","embeddable":true,"href":"https:\/\/celiabayona.es\/web\/wp-json\/wp\/v2\/tags?post=250"}],"curies":[{"name":"wp","href":"https:\/\/api.w.org\/{rel}","templated":true}]}}